{"id":129,"date":"2023-05-01T19:13:08","date_gmt":"2023-05-01T19:13:08","guid":{"rendered":"https:\/\/www.saem.org.ar\/congreso2025\/?page_id=129"},"modified":"2025-04-07T11:31:22","modified_gmt":"2025-04-07T14:31:22","slug":"autoridades-saem","status":"publish","type":"page","link":"https:\/\/www.saem.org.ar\/congreso2025\/autoridades-saem\/","title":{"rendered":"Autoridades SAEM"},"content":{"rendered":"\t\t<div data-elementor-type=\"wp-page\" data-elementor-id=\"129\" class=\"elementor elementor-129\" data-elementor-settings=\"{&quot;ha_cmc_init_switcher&quot;:&quot;no&quot;}\" data-elementor-post-type=\"page\">\n\t\t\t\t<div class=\"elementor-element elementor-element-3f7a2e5 e-flex e-con-boxed e-con e-parent\" data-id=\"3f7a2e5\" data-element_type=\"container\" data-e-type=\"container\" data-settings=\"{&quot;background_background&quot;:&quot;classic&quot;,&quot;shape_divider_bottom&quot;:&quot;mountains&quot;,&quot;_ha_eqh_enable&quot;:false}\">\n\t\t\t\t\t<div class=\"e-con-inner\">\n\t\t\t\t<div class=\"elementor-shape elementor-shape-bottom\" aria-hidden=\"true\" data-negative=\"false\">\n\t\t\t<svg xmlns=\"http:\/\/www.w3.org\/2000\/svg\" viewBox=\"0 0 1000 100\" preserveAspectRatio=\"none\">\n\t<path class=\"elementor-shape-fill\" opacity=\"0.33\" d=\"M473,67.3c-203.9,88.3-263.1-34-320.3,0C66,119.1,0,59.7,0,59.7V0h1000v59.7 c0,0-62.1,26.1-94.9,29.3c-32.8,3.3-62.8-12.3-75.8-22.1C806,49.6,745.3,8.7,694.9,4.7S492.4,59,473,67.3z\"\/>\n\t<path class=\"elementor-shape-fill\" opacity=\"0.66\" d=\"M734,67.3c-45.5,0-77.2-23.2-129.1-39.1c-28.6-8.7-150.3-10.1-254,39.1 s-91.7-34.4-149.2,0C115.7,118.3,0,39.8,0,39.8V0h1000v36.5c0,0-28.2-18.5-92.1-18.5C810.2,18.1,775.7,67.3,734,67.3z\"\/>\n\t<path class=\"elementor-shape-fill\" d=\"M766.1,28.9c-200-57.5-266,65.5-395.1,19.5C242,1.8,242,5.4,184.8,20.6C128,35.8,132.3,44.9,89.9,52.5C28.6,63.7,0,0,0,0 h1000c0,0-9.9,40.9-83.6,48.1S829.6,47,766.1,28.9z\"\/>\n<\/svg>\t\t<\/div>\n\t\t<div class=\"elementor-element elementor-element-7fea5eb e-con-full e-flex e-con e-child\" data-id=\"7fea5eb\" data-element_type=\"container\" data-e-type=\"container\" data-settings=\"{&quot;_ha_eqh_enable&quot;:false}\">\n\t\t\t\t<div class=\"elementor-element elementor-element-f8c67fb elementor-widget elementor-widget-image-box\" data-id=\"f8c67fb\" data-element_type=\"widget\" data-e-type=\"widget\" data-widget_type=\"image-box.default\">\n\t\t\t\t\t<div class=\"elementor-image-box-wrapper\"><div class=\"elementor-image-box-content\"><h3 class=\"elementor-image-box-title\">Autoridades SAEM<\/h3><p class=\"elementor-image-box-description\">XXIV Congreso de Endocrinolog\u00eda y Metabolismo. SAEM 2025<\/p><\/div><\/div>\t\t\t\t<\/div>\n\t\t\t\t<\/div>\n\t\t\t\t\t<\/div>\n\t\t\t\t<\/div>\n\t\t<div class=\"elementor-element elementor-element-3eb9df2 e-flex e-con-boxed e-con e-parent\" data-id=\"3eb9df2\" data-element_type=\"container\" data-e-type=\"container\" data-settings=\"{&quot;_ha_eqh_enable&quot;:false}\">\n\t\t\t\t\t<div class=\"e-con-inner\">\n\t\t<div class=\"elementor-element elementor-element-106258b e-con-full e-flex e-con e-child\" data-id=\"106258b\" data-element_type=\"container\" data-e-type=\"container\" data-settings=\"{&quot;_ha_eqh_enable&quot;:false}\">\n\t\t<div class=\"elementor-element elementor-element-a02fa39 e-con-full e-flex e-con e-child\" data-id=\"a02fa39\" data-element_type=\"container\" data-e-type=\"container\" data-settings=\"{&quot;_ha_eqh_enable&quot;:false}\">\n\t\t\t\t<div class=\"elementor-element elementor-element-2af438d elementor-widget elementor-widget-text-editor\" data-id=\"2af438d\" data-element_type=\"widget\" data-e-type=\"widget\" data-widget_type=\"text-editor.default\">\n\t\t\t\t\t\t\t\t\t<p><strong>Presidente<\/strong>: Dr. Marcelo Nicol\u00e1s Vitale<br \/><strong>Vicepresidente<\/strong>: Dra. Karina Danilowicz<br \/><strong>Secretaria<\/strong>: Dra. Karina Miragaya<br \/><strong>Prosecretario<\/strong>: Dra. Marcos Manavela<br \/><strong>Tesorero<\/strong>: Dr. Eduardo Faure<br \/><strong>Protesorera<\/strong>: Dr. Melina Sab\u00e1n<\/p><p><strong>Vocales Titulares<br \/><\/strong>Dra. Carla Boquete<br \/>Dra. M\u00f3nica Loto<br \/>Dr. Juan Manuel Lazzati<br \/>Dra. Bibiana Fabre<br \/>Dra. Valeria Garc\u00eda Roel<br \/>Dra. Laua Schiro<\/p><p><strong>Vocales Suplentes<br \/><\/strong>Dra. Ximena Tapper<br \/>Dra. Mariana Gruneisen<br \/>Dra. Yamile Mocarbel<\/p><p><strong>Comit\u00e9 Cient\u00edfico<br \/><\/strong><strong>Presidente del Comit\u00e9 Cient\u00edfico<br \/><\/strong>Dra. Susana Mallea Gil<\/p><p><strong>Vicepresidente del Comit\u00e9 Cient\u00edfico<br \/><\/strong>Dra. Karina Danilowicz<\/p><p><strong>Integrantes<\/strong>:<br \/>Dra. Ana Mar\u00eda Orlandi<br \/>Dra. Ester Pardes<br \/>Dra. Mabel Graffigna<br \/>Dra. Viviana Mesch<br \/>Dra. Amelia Rogozinzki<br \/>Dr. Pablo Costanzo<br \/>Dra. Yamile Mocarbel<br \/>Dra. Martha Su\u00e1rez<br \/>Dra. Valeria Premrou<br \/>Dra. Natalia Giliberti<br \/>Dra. Marcela Mart\u00ednez<br \/>Dra. Miriam Azaretzki<br \/>Dr. Uriel Pragier<br \/>Dra. In\u00e9s Califano<br \/>Dra. Laura Delfino<\/p>\t\t\t\t\t\t\t\t<\/div>\n\t\t\t\t<\/div>\n\t\t\t\t<\/div>\n\t\t\t\t\t<\/div>\n\t\t\t\t<\/div>\n\t\t\t\t<\/div>\n\t\t","protected":false},"excerpt":{"rendered":"<p>XXIV Congreso de Endocrinolog\u00eda y Metabolismo. SAEM 2025 Presidente: Dr. Marcelo Nicol\u00e1s VitaleVicepresidente: Dra. Karina DanilowiczSecretaria: Dra. Karina MiragayaProsecretario: Dra. Marcos ManavelaTesorero: Dr. Eduardo FaureProtesorera: Dr. Melina Sab\u00e1n Vocales TitularesDra. Carla BoqueteDra. M\u00f3nica LotoDr. Juan Manuel LazzatiDra. Bibiana FabreDra. Valeria Garc\u00eda RoelDra. Laua Schiro Vocales SuplentesDra. Ximena TapperDra. Mariana GruneisenDra. Yamile Mocarbel Comit\u00e9 Cient\u00edficoPresidente del [&hellip;]<\/p>\n","protected":false},"author":3,"featured_media":0,"parent":0,"menu_order":0,"comment_status":"closed","ping_status":"closed","template":"","meta":{"footnotes":""},"class_list":["post-129","page","type-page","status-publish","hentry"],"_links":{"self":[{"href":"https:\/\/www.saem.org.ar\/congreso2025\/wp-json\/wp\/v2\/pages\/129","targetHints":{"allow":["GET"]}}],"collection":[{"href":"https:\/\/www.saem.org.ar\/congreso2025\/wp-json\/wp\/v2\/pages"}],"about":[{"href":"https:\/\/www.saem.org.ar\/congreso2025\/wp-json\/wp\/v2\/types\/page"}],"author":[{"embeddable":true,"href":"https:\/\/www.saem.org.ar\/congreso2025\/wp-json\/wp\/v2\/users\/3"}],"replies":[{"embeddable":true,"href":"https:\/\/www.saem.org.ar\/congreso2025\/wp-json\/wp\/v2\/comments?post=129"}],"version-history":[{"count":0,"href":"https:\/\/www.saem.org.ar\/congreso2025\/wp-json\/wp\/v2\/pages\/129\/revisions"}],"wp:attachment":[{"href":"https:\/\/www.saem.org.ar\/congreso2025\/wp-json\/wp\/v2\/media?parent=129"}],"curies":[{"name":"wp","href":"https:\/\/api.w.org\/{rel}","templated":true}]}}

<div data-elementor-type="wp-page" data-elementor-id="129" class="elementor elementor-129" data-elementor-settings="{&quot;ha_cmc_init_switcher&quot;:&quot;no&quot;}" data-elementor-post-type="page">
				<div class="elementor-element elementor-element-3f7a2e5 e-flex e-con-boxed e-con e-parent" data-id="3f7a2e5" data-element_type="container" data-e-type="container" data-settings="{&quot;background_background&quot;:&quot;classic&quot;,&quot;shape_divider_bottom&quot;:&quot;mountains&quot;,&quot;_ha_eqh_enable&quot;:false}">
					<div class="e-con-inner">
				<div class="elementor-shape elementor-shape-bottom" aria-hidden="true" data-negative="false">
			<svg xmlns="http://www.w3.org/2000/svg" viewBox="0 0 1000 100" preserveAspectRatio="none">
	<path class="elementor-shape-fill" opacity="0.33" d="M473,67.3c-203.9,88.3-263.1-34-320.3,0C66,119.1,0,59.7,0,59.7V0h1000v59.7 c0,0-62.1,26.1-94.9,29.3c-32.8,3.3-62.8-12.3-75.8-22.1C806,49.6,745.3,8.7,694.9,4.7S492.4,59,473,67.3z"/>
	<path class="elementor-shape-fill" opacity="0.66" d="M734,67.3c-45.5,0-77.2-23.2-129.1-39.1c-28.6-8.7-150.3-10.1-254,39.1 s-91.7-34.4-149.2,0C115.7,118.3,0,39.8,0,39.8V0h1000v36.5c0,0-28.2-18.5-92.1-18.5C810.2,18.1,775.7,67.3,734,67.3z"/>
	<path class="elementor-shape-fill" d="M766.1,28.9c-200-57.5-266,65.5-395.1,19.5C242,1.8,242,5.4,184.8,20.6C128,35.8,132.3,44.9,89.9,52.5C28.6,63.7,0,0,0,0 h1000c0,0-9.9,40.9-83.6,48.1S829.6,47,766.1,28.9z"/>
</svg>		</div>
		<div class="elementor-element elementor-element-7fea5eb e-con-full e-flex e-con e-child" data-id="7fea5eb" data-element_type="container" data-e-type="container" data-settings="{&quot;_ha_eqh_enable&quot;:false}">
				<div class="elementor-element elementor-element-f8c67fb elementor-widget elementor-widget-image-box" data-id="f8c67fb" data-element_type="widget" data-e-type="widget" data-widget_type="image-box.default">
					<div class="elementor-image-box-wrapper"><div class="elementor-image-box-content"><h3 class="elementor-image-box-title">Autoridades SAEM</h3><p class="elementor-image-box-description">XXIV Congreso de Endocrinología y Metabolismo. SAEM 2025</p></div></div>				</div>
				</div>
					</div>
				</div>
		<div class="elementor-element elementor-element-3eb9df2 e-flex e-con-boxed e-con e-parent" data-id="3eb9df2" data-element_type="container" data-e-type="container" data-settings="{&quot;_ha_eqh_enable&quot;:false}">
					<div class="e-con-inner">
		<div class="elementor-element elementor-element-106258b e-con-full e-flex e-con e-child" data-id="106258b" data-element_type="container" data-e-type="container" data-settings="{&quot;_ha_eqh_enable&quot;:false}">
		<div class="elementor-element elementor-element-a02fa39 e-con-full e-flex e-con e-child" data-id="a02fa39" data-element_type="container" data-e-type="container" data-settings="{&quot;_ha_eqh_enable&quot;:false}">
				<div class="elementor-element elementor-element-2af438d elementor-widget elementor-widget-text-editor" data-id="2af438d" data-element_type="widget" data-e-type="widget" data-widget_type="text-editor.default">
									<p><strong>Presidente</strong>: Dr. Marcelo Nicolás Vitale<br /><strong>Vicepresidente</strong>: Dra. Karina Danilowicz<br /><strong>Secretaria</strong>: Dra. Karina Miragaya<br /><strong>Prosecretario</strong>: Dra. Marcos Manavela<br /><strong>Tesorero</strong>: Dr. Eduardo Faure<br /><strong>Protesorera</strong>: Dr. Melina Sabán</p><p><strong>Vocales Titulares<br /></strong>Dra. Carla Boquete<br />Dra. Mónica Loto<br />Dr. Juan Manuel Lazzati<br />Dra. Bibiana Fabre<br />Dra. Valeria García Roel<br />Dra. Laua Schiro</p><p><strong>Vocales Suplentes<br /></strong>Dra. Ximena Tapper<br />Dra. Mariana Gruneisen<br />Dra. Yamile Mocarbel</p><p><strong>Comité Científico<br /></strong><strong>Presidente del Comité Científico<br /></strong>Dra. Susana Mallea Gil</p><p><strong>Vicepresidente del Comité Científico<br /></strong>Dra. Karina Danilowicz</p><p><strong>Integrantes</strong>:<br />Dra. Ana María Orlandi<br />Dra. Ester Pardes<br />Dra. Mabel Graffigna<br />Dra. Viviana Mesch<br />Dra. Amelia Rogozinzki<br />Dr. Pablo Costanzo<br />Dra. Yamile Mocarbel<br />Dra. Martha Suárez<br />Dra. Valeria Premrou<br />Dra. Natalia Giliberti<br />Dra. Marcela Martínez<br />Dra. Miriam Azaretzki<br />Dr. Uriel Pragier<br />Dra. Inés Califano<br />Dra. Laura Delfino</p>								</div>
				</div>
				</div>
					</div>
				</div>
				</div>

<p>XXIV Congreso de Endocrinología y Metabolismo. SAEM 2025 Presidente: Dr. Marcelo Nicolás VitaleVicepresidente: Dra. Karina DanilowiczSecretaria: Dra. Karina MiragayaProsecretario: Dra. Marcos ManavelaTesorero: Dr. Eduardo FaureProtesorera: Dr. Melina Sabán Vocales TitularesDra. Carla BoqueteDra. Mónica LotoDr. Juan Manuel LazzatiDra. Bibiana FabreDra. Valeria García RoelDra. Laua Schiro Vocales SuplentesDra. Ximena TapperDra. Mariana GruneisenDra. Yamile Mocarbel Comité CientíficoPresidente del [&hellip;]</p>
