{"id":2273,"date":"2024-04-30T17:37:29","date_gmt":"2024-04-30T20:37:29","guid":{"rendered":"https:\/\/www.saem.org.ar\/congreso2025\/?page_id=2273"},"modified":"2025-11-30T12:48:58","modified_gmt":"2025-11-30T15:48:58","slug":"congreso-saem-2025","status":"publish","type":"page","link":"https:\/\/www.saem.org.ar\/congreso2025\/","title":{"rendered":"Congreso SAEM 2025"},"content":{"rendered":"\t\t<div data-elementor-type=\"wp-page\" data-elementor-id=\"2273\" class=\"elementor elementor-2273\" data-elementor-settings=\"{&quot;ha_cmc_init_switcher&quot;:&quot;no&quot;}\" data-elementor-post-type=\"page\">\n\t\t\t\t<div class=\"elementor-element elementor-element-8f5f660 e-flex e-con-boxed e-con e-parent\" data-id=\"8f5f660\" data-element_type=\"container\" data-e-type=\"container\" data-settings=\"{&quot;background_background&quot;:&quot;video&quot;,&quot;background_video_link&quot;:&quot;https:\\\/\\\/youtu.be\\\/Tm7SfyoP6IA&quot;,&quot;background_video_start&quot;:3,&quot;_ha_eqh_enable&quot;:false}\">\n\t\t\t\t\t<div class=\"e-con-inner\">\n\t\t<div class=\"elementor-background-video-container elementor-hidden-mobile\">\n\t\t\t\t\t\t\t<div class=\"elementor-background-video-embed\" role=\"presentation\"><\/div>\n\t\t\t\t\t\t<\/div>\t\t\t<\/div>\n\t\t\t\t<\/div>\n\t\t<div class=\"elementor-element elementor-element-2659098 e-flex e-con-boxed e-con e-parent\" data-id=\"2659098\" data-element_type=\"container\" data-e-type=\"container\" data-settings=\"{&quot;_ha_eqh_enable&quot;:false}\">\n\t\t\t\t\t<div class=\"e-con-inner\">\n\t\t<div class=\"elementor-element elementor-element-07a52b8 e-con-full e-flex e-con e-child\" data-id=\"07a52b8\" data-element_type=\"container\" data-e-type=\"container\" data-settings=\"{&quot;_ha_eqh_enable&quot;:false}\">\n\t\t\t\t<div class=\"elementor-element elementor-element-7cccfb0 elementor-widget elementor-widget-heading\" data-id=\"7cccfb0\" data-element_type=\"widget\" data-e-type=\"widget\" data-widget_type=\"heading.default\">\n\t\t\t\t\t<h2 class=\"elementor-heading-title elementor-size-default\"><b>Endocrinolog\u00eda 2025<\/b><br>\nHacia una medicina m\u00e1s humana y tecnol\u00f3gica<\/h2>\t\t\t\t<\/div>\n\t\t\t\t<div class=\"elementor-element elementor-element-bcdc91a elementor-widget elementor-widget-text-editor\" data-id=\"bcdc91a\" data-element_type=\"widget\" data-e-type=\"widget\" data-widget_type=\"text-editor.default\">\n\t\t\t\t\t\t\t\t\t<p>Tenemos el enorme agrado de anunciar que del 6 al 8 de noviembre del 2025 se desarrollar\u00e1 el XXIV Congreso de la Sociedad de Endocrinolog\u00eda y Metabolismo SAEM en la UCA Puerto Madero Buenos Aires.<br \/>Como ha sido una caracter\u00edstica a lo largo de su historia SAEM en cada Congreso aporta un programa cient\u00edfico de primer nivel, con la excelencia de sus disertantes, y la presencia de destacados invitados extranjeros, referentes en cada una de las disciplinas.<br \/>Cada Congreso es esperado y muy valorado tanto por los endocrin\u00f3logos en formaci\u00f3n como los m\u00e1s experimentados, no solo a nivel nacional, sino adem\u00e1s de pa\u00edses latinoamericanos, que concurren al mismo.<br \/>Durante esta edici\u00f3n se desarrollar\u00e1 un amplio abanico de temas de inter\u00e9s actual, en diagn\u00f3stico y tratamiento, como en el transg\u00e9nero, cardio metabolismo, obesidad, diabetes, metabolismo \u00f3seo, entre otros tradicionales, mostrando los resultados de los m\u00e1s novedosos tratamientos y f\u00e1rmacos en investigaci\u00f3n, estando siempre en la vanguardia del conocimiento.<\/p><p>Toda la Comisi\u00f3n Directiva de SAEM est\u00e1 abocada a cumplir el objetivo de lograr un exitoso congreso. En esta edici\u00f3n, se ha trabajado especialmente en optimizar la log\u00edstica del evento, incorporando un mayor n\u00famero y capacidad de salones, junto con otros aspectos clave que apuntan a una experiencia m\u00e1s eficiente y confortable para todos los asistentes.<\/p><p>Esperamos verlos en esta nueva edici\u00f3n de Congreso\u00a0SAEM\u00a02025.<\/p>\t\t\t\t\t\t\t\t<\/div>\n\t\t\t\t<\/div>\n\t\t<div class=\"elementor-element elementor-element-e026844 e-con-full e-flex e-con e-child\" data-id=\"e026844\" data-element_type=\"container\" data-e-type=\"container\" data-settings=\"{&quot;_ha_eqh_enable&quot;:false}\">\n\t\t\t\t<div class=\"elementor-element elementor-element-56e374d elementor-widget elementor-widget-image\" data-id=\"56e374d\" data-element_type=\"widget\" data-e-type=\"widget\" data-widget_type=\"image.default\">\n\t\t\t\t\t\t\t\t\t\t\t\t\t\t\t\t<a href=\"https:\/\/www.saem.org.ar\/congreso2025\/app\/\">\n\t\t\t\t\t\t\t<img fetchpriority=\"high\" decoding=\"async\" width=\"1080\" height=\"1350\" src=\"https:\/\/www.saem.org.ar\/congreso2025\/doc\/app-insta-01.webp\" class=\"attachment-full size-full wp-image-3611\" alt=\"\" srcset=\"https:\/\/www.saem.org.ar\/congreso2025\/doc\/app-insta-01.webp 1080w, https:\/\/www.saem.org.ar\/congreso2025\/doc\/app-insta-01-240x300.webp 240w, https:\/\/www.saem.org.ar\/congreso2025\/doc\/app-insta-01-819x1024.webp 819w, https:\/\/www.saem.org.ar\/congreso2025\/doc\/app-insta-01-768x960.webp 768w\" sizes=\"(max-width: 1080px) 100vw, 1080px\" \/>\t\t\t\t\t\t\t\t<\/a>\n\t\t\t\t\t\t\t\t\t\t\t\t\t\t\t<\/div>\n\t\t\t\t<\/div>\n\t\t\t\t\t<\/div>\n\t\t\t\t<\/div>\n\t\t<div class=\"elementor-element elementor-element-c812c68 e-flex e-con-boxed e-con e-parent\" data-id=\"c812c68\" data-element_type=\"container\" data-e-type=\"container\" data-settings=\"{&quot;background_background&quot;:&quot;classic&quot;,&quot;_ha_eqh_enable&quot;:false}\">\n\t\t\t\t\t<div class=\"e-con-inner\">\n\t\t\t\t<div class=\"elementor-element elementor-element-76987e1 elementor-widget elementor-widget-image-box\" data-id=\"76987e1\" data-element_type=\"widget\" data-e-type=\"widget\" data-widget_type=\"image-box.default\">\n\t\t\t\t\t<div class=\"elementor-image-box-wrapper\"><div class=\"elementor-image-box-content\"><h3 class=\"elementor-image-box-title\">Auspicios Cient\u00edficos<\/h3><p class=\"elementor-image-box-description\">XXIV Congreso de Endocrinolog\u00eda y Metabolismo. SAEM 2025<\/p><\/div><\/div>\t\t\t\t<\/div>\n\t\t<div class=\"elementor-element elementor-element-01d33a1 e-grid e-con-full e-con e-child\" data-id=\"01d33a1\" data-element_type=\"container\" data-e-type=\"container\" data-settings=\"{&quot;_ha_eqh_enable&quot;:false}\">\n\t\t\t\t<div class=\"elementor-element elementor-element-5597de6 elementor-widget elementor-widget-image\" data-id=\"5597de6\" data-element_type=\"widget\" data-e-type=\"widget\" data-widget_type=\"image.default\">\n\t\t\t\t\t\t\t\t\t\t\t\t\t\t\t<img decoding=\"async\" width=\"400\" height=\"250\" src=\"https:\/\/www.saem.org.ar\/congreso2025\/doc\/2025\/08\/colombia.jpg\" class=\"attachment-full size-full wp-image-3273\" alt=\"\" srcset=\"https:\/\/www.saem.org.ar\/congreso2025\/doc\/2025\/08\/colombia.jpg 400w, https:\/\/www.saem.org.ar\/congreso2025\/doc\/2025\/08\/colombia-300x188.jpg 300w\" sizes=\"(max-width: 400px) 100vw, 400px\" \/>\t\t\t\t\t\t\t\t\t\t\t\t\t\t\t<\/div>\n\t\t\t\t<div class=\"elementor-element elementor-element-0dc26b4 elementor-widget elementor-widget-image\" data-id=\"0dc26b4\" data-element_type=\"widget\" data-e-type=\"widget\" data-widget_type=\"image.default\">\n\t\t\t\t\t\t\t\t\t\t\t\t\t\t\t<img decoding=\"async\" width=\"400\" height=\"250\" src=\"https:\/\/www.saem.org.ar\/congreso2025\/doc\/2025\/08\/fac.jpg\" class=\"attachment-full size-full wp-image-3274\" alt=\"\" srcset=\"https:\/\/www.saem.org.ar\/congreso2025\/doc\/2025\/08\/fac.jpg 400w, https:\/\/www.saem.org.ar\/congreso2025\/doc\/2025\/08\/fac-300x188.jpg 300w\" sizes=\"(max-width: 400px) 100vw, 400px\" \/>\t\t\t\t\t\t\t\t\t\t\t\t\t\t\t<\/div>\n\t\t\t\t<div class=\"elementor-element elementor-element-6a31565 elementor-widget elementor-widget-image\" data-id=\"6a31565\" data-element_type=\"widget\" data-e-type=\"widget\" data-widget_type=\"image.default\">\n\t\t\t\t\t\t\t\t\t\t\t\t\t\t\t<img loading=\"lazy\" decoding=\"async\" width=\"400\" height=\"250\" src=\"https:\/\/www.saem.org.ar\/congreso2025\/doc\/2025\/08\/saegre.jpg\" class=\"attachment-full size-full wp-image-3272\" alt=\"\" srcset=\"https:\/\/www.saem.org.ar\/congreso2025\/doc\/2025\/08\/saegre.jpg 400w, https:\/\/www.saem.org.ar\/congreso2025\/doc\/2025\/08\/saegre-300x188.jpg 300w\" sizes=\"(max-width: 400px) 100vw, 400px\" \/>\t\t\t\t\t\t\t\t\t\t\t\t\t\t\t<\/div>\n\t\t\t\t<div class=\"elementor-element elementor-element-1cfe0e5 elementor-widget elementor-widget-image\" data-id=\"1cfe0e5\" data-element_type=\"widget\" data-e-type=\"widget\" data-widget_type=\"image.default\">\n\t\t\t\t\t\t\t\t\t\t\t\t\t\t\t<img loading=\"lazy\" decoding=\"async\" width=\"400\" height=\"250\" src=\"https:\/\/www.saem.org.ar\/congreso2025\/doc\/san.jpg\" class=\"attachment-full size-full wp-image-3487\" alt=\"\" srcset=\"https:\/\/www.saem.org.ar\/congreso2025\/doc\/san.jpg 400w, https:\/\/www.saem.org.ar\/congreso2025\/doc\/san-300x188.jpg 300w\" sizes=\"(max-width: 400px) 100vw, 400px\" \/>\t\t\t\t\t\t\t\t\t\t\t\t\t\t\t<\/div>\n\t\t\t\t<div class=\"elementor-element elementor-element-e225621 elementor-widget elementor-widget-image\" data-id=\"e225621\" data-element_type=\"widget\" data-e-type=\"widget\" data-widget_type=\"image.default\">\n\t\t\t\t\t\t\t\t\t\t\t\t\t\t\t<img loading=\"lazy\" decoding=\"async\" width=\"400\" height=\"250\" src=\"https:\/\/www.saem.org.ar\/congreso2025\/doc\/2025\/08\/chile.jpg\" class=\"attachment-full size-full wp-image-3270\" alt=\"\" srcset=\"https:\/\/www.saem.org.ar\/congreso2025\/doc\/2025\/08\/chile.jpg 400w, https:\/\/www.saem.org.ar\/congreso2025\/doc\/2025\/08\/chile-300x188.jpg 300w\" sizes=\"(max-width: 400px) 100vw, 400px\" \/>\t\t\t\t\t\t\t\t\t\t\t\t\t\t\t<\/div>\n\t\t\t\t<div class=\"elementor-element elementor-element-63e10d7 elementor-widget elementor-widget-image\" data-id=\"63e10d7\" data-element_type=\"widget\" data-e-type=\"widget\" data-widget_type=\"image.default\">\n\t\t\t\t\t\t\t\t\t\t\t\t\t\t\t<img loading=\"lazy\" decoding=\"async\" width=\"400\" height=\"250\" src=\"https:\/\/www.saem.org.ar\/congreso2025\/doc\/2025\/08\/sogiba.jpg\" class=\"attachment-full size-full wp-image-3271\" alt=\"\" srcset=\"https:\/\/www.saem.org.ar\/congreso2025\/doc\/2025\/08\/sogiba.jpg 400w, https:\/\/www.saem.org.ar\/congreso2025\/doc\/2025\/08\/sogiba-300x188.jpg 300w\" sizes=\"(max-width: 400px) 100vw, 400px\" \/>\t\t\t\t\t\t\t\t\t\t\t\t\t\t\t<\/div>\n\t\t\t\t<div class=\"elementor-element elementor-element-066b6f3 elementor-widget elementor-widget-image\" data-id=\"066b6f3\" data-element_type=\"widget\" data-e-type=\"widget\" data-widget_type=\"image.default\">\n\t\t\t\t\t\t\t\t\t\t\t\t\t\t\t<img loading=\"lazy\" decoding=\"async\" width=\"400\" height=\"250\" src=\"https:\/\/www.saem.org.ar\/congreso2025\/doc\/2025\/07\/logo.jpg\" class=\"attachment-full size-full wp-image-3224\" alt=\"\" srcset=\"https:\/\/www.saem.org.ar\/congreso2025\/doc\/2025\/07\/logo.jpg 400w, https:\/\/www.saem.org.ar\/congreso2025\/doc\/2025\/07\/logo-300x188.jpg 300w\" sizes=\"(max-width: 400px) 100vw, 400px\" \/>\t\t\t\t\t\t\t\t\t\t\t\t\t\t\t<\/div>\n\t\t\t\t<\/div>\n\t\t\t\t\t<\/div>\n\t\t\t\t<\/div>\n\t\t<div class=\"elementor-element elementor-element-359aa6c e-flex e-con-boxed e-con e-parent\" data-id=\"359aa6c\" data-element_type=\"container\" data-e-type=\"container\" data-settings=\"{&quot;background_background&quot;:&quot;classic&quot;,&quot;_ha_eqh_enable&quot;:false}\">\n\t\t\t\t\t<div class=\"e-con-inner\">\n\t\t<div class=\"elementor-element elementor-element-c082e58 e-con-full e-flex e-con e-child\" data-id=\"c082e58\" data-element_type=\"container\" data-e-type=\"container\" data-settings=\"{&quot;_ha_eqh_enable&quot;:false}\">\n\t\t\t\t<div class=\"elementor-element elementor-element-8325d36 elementor-widget elementor-widget-image-box\" data-id=\"8325d36\" data-element_type=\"widget\" data-e-type=\"widget\" data-widget_type=\"image-box.default\">\n\t\t\t\t\t<div class=\"elementor-image-box-wrapper\"><div class=\"elementor-image-box-content\"><h3 class=\"elementor-image-box-title\">Invitados Extranjeros<\/h3><p class=\"elementor-image-box-description\">XXIV Congreso de Endocrinolog\u00eda y Metabolismo. SAEM 2025<\/p><\/div><\/div>\t\t\t\t<\/div>\n\t\t<div class=\"elementor-element elementor-element-f433a8c e-grid e-con-full e-con e-child\" data-id=\"f433a8c\" data-element_type=\"container\" data-e-type=\"container\" data-settings=\"{&quot;_ha_eqh_enable&quot;:false}\">\n\t\t\t\t<div class=\"elementor-element elementor-element-ee9b4fb ha-infobox-media-dir-top elementor-widget elementor-widget-ha-infobox happy-addon ha-infobox\" data-id=\"ee9b4fb\" data-element_type=\"widget\" data-e-type=\"widget\" data-widget_type=\"ha-infobox.default\">\n\t\t\t\t\t\n\t\t\t\t\t<figure class=\"ha-infobox-figure ha-infobox-figure--image\">\n\t\t\t\t<img loading=\"lazy\" decoding=\"async\" width=\"400\" height=\"500\" src=\"https:\/\/www.saem.org.ar\/congreso2025\/doc\/2025\/07\/Alejandro-Ayala.jpg\" class=\"elementor-animation-disable-animation attachment-medium_large size-medium_large wp-image-3138\" alt=\"\" srcset=\"https:\/\/www.saem.org.ar\/congreso2025\/doc\/2025\/07\/Alejandro-Ayala.jpg 400w, https:\/\/www.saem.org.ar\/congreso2025\/doc\/2025\/07\/Alejandro-Ayala-240x300.jpg 240w\" sizes=\"(max-width: 400px) 100vw, 400px\" \/>\t\t\t<\/figure>\n\t\t\n\t\t<div class=\"ha-infobox-body\">\n\t\t\t<h2 class=\"ha-infobox-title\">Alejandro Ayala<\/h2>\n\t\t\t\n\t\t\t<a class=\"ha-btn ha-btn--link\" href=\"\/invitados-extranjeros\/#ayala\"><span class=\"ha-btn-text\">MAS INFO<\/span><\/a>\t\t<\/div>\n\t\t\t\t\t\t<\/div>\n\t\t\t\t<div class=\"elementor-element elementor-element-9337812 ha-infobox-media-dir-top elementor-widget elementor-widget-ha-infobox happy-addon ha-infobox\" data-id=\"9337812\" data-element_type=\"widget\" data-e-type=\"widget\" data-widget_type=\"ha-infobox.default\">\n\t\t\t\t\t\n\t\t\t\t\t<figure class=\"ha-infobox-figure ha-infobox-figure--image\">\n\t\t\t\t<img loading=\"lazy\" decoding=\"async\" width=\"400\" height=\"500\" src=\"https:\/\/www.saem.org.ar\/congreso2025\/doc\/2025\/07\/Laura-Boucai.jpg\" class=\"elementor-animation-disable-animation attachment-medium_large size-medium_large wp-image-3143\" alt=\"\" srcset=\"https:\/\/www.saem.org.ar\/congreso2025\/doc\/2025\/07\/Laura-Boucai.jpg 400w, https:\/\/www.saem.org.ar\/congreso2025\/doc\/2025\/07\/Laura-Boucai-240x300.jpg 240w\" sizes=\"(max-width: 400px) 100vw, 400px\" \/>\t\t\t<\/figure>\n\t\t\n\t\t<div class=\"ha-infobox-body\">\n\t\t\t<h2 class=\"ha-infobox-title\">Laura Boucai<\/h2>\n\t\t\t\n\t\t\t<a class=\"ha-btn ha-btn--link\" href=\"\/invitados-extranjeros\/#boucai\"><span class=\"ha-btn-text\">M\u00c1S INFO<\/span><\/a>\t\t<\/div>\n\t\t\t\t\t\t<\/div>\n\t\t\t\t<div class=\"elementor-element elementor-element-062fd82 ha-infobox-media-dir-top elementor-widget elementor-widget-ha-infobox happy-addon ha-infobox\" data-id=\"062fd82\" data-element_type=\"widget\" data-e-type=\"widget\" data-widget_type=\"ha-infobox.default\">\n\t\t\t\t\t\n\t\t\t\t\t<figure class=\"ha-infobox-figure ha-infobox-figure--image\">\n\t\t\t\t<img loading=\"lazy\" decoding=\"async\" width=\"400\" height=\"500\" src=\"https:\/\/www.saem.org.ar\/congreso2025\/doc\/2025\/07\/Leandro-Kasuki.jpg\" class=\"elementor-animation-disable-animation attachment-medium_large size-medium_large wp-image-3144\" alt=\"\" srcset=\"https:\/\/www.saem.org.ar\/congreso2025\/doc\/2025\/07\/Leandro-Kasuki.jpg 400w, https:\/\/www.saem.org.ar\/congreso2025\/doc\/2025\/07\/Leandro-Kasuki-240x300.jpg 240w\" sizes=\"(max-width: 400px) 100vw, 400px\" \/>\t\t\t<\/figure>\n\t\t\n\t\t<div class=\"ha-infobox-body\">\n\t\t\t<h2 class=\"ha-infobox-title\">Leandro Kasuki<\/h2>\n\t\t\t\n\t\t\t<a class=\"ha-btn ha-btn--link\" href=\"\/invitados-extranjeros\/#leandro\"><span class=\"ha-btn-text\">M\u00c1S INFO<\/span><\/a>\t\t<\/div>\n\t\t\t\t\t\t<\/div>\n\t\t\t\t<div class=\"elementor-element elementor-element-870fa70 ha-infobox-media-dir-top elementor-widget elementor-widget-ha-infobox happy-addon ha-infobox\" data-id=\"870fa70\" data-element_type=\"widget\" data-e-type=\"widget\" data-widget_type=\"ha-infobox.default\">\n\t\t\t\t\t\n\t\t\t\t\t<figure class=\"ha-infobox-figure ha-infobox-figure--image\">\n\t\t\t\t<img loading=\"lazy\" decoding=\"async\" width=\"400\" height=\"500\" src=\"https:\/\/www.saem.org.ar\/congreso2025\/doc\/2025\/07\/pilar-de-la-pena.jpg\" class=\"elementor-animation-disable-animation attachment-medium_large size-medium_large wp-image-3145\" alt=\"\" srcset=\"https:\/\/www.saem.org.ar\/congreso2025\/doc\/2025\/07\/pilar-de-la-pena.jpg 400w, https:\/\/www.saem.org.ar\/congreso2025\/doc\/2025\/07\/pilar-de-la-pena-240x300.jpg 240w\" sizes=\"(max-width: 400px) 100vw, 400px\" \/>\t\t\t<\/figure>\n\t\t\n\t\t<div class=\"ha-infobox-body\">\n\t\t\t<h2 class=\"ha-infobox-title\">Pilar de la Pe\u00f1a<\/h2>\n\t\t\t\n\t\t\t<a class=\"ha-btn ha-btn--link\" href=\"\/invitados-extranjeros\/#pilar\"><span class=\"ha-btn-text\">M\u00c1S INFO<\/span><\/a>\t\t<\/div>\n\t\t\t\t\t\t<\/div>\n\t\t\t\t<div class=\"elementor-element elementor-element-7a6d465 ha-infobox-media-dir-top elementor-widget elementor-widget-ha-infobox happy-addon ha-infobox\" data-id=\"7a6d465\" data-element_type=\"widget\" data-e-type=\"widget\" data-widget_type=\"ha-infobox.default\">\n\t\t\t\t\t\n\t\t\t\t\t<figure class=\"ha-infobox-figure ha-infobox-figure--image\">\n\t\t\t\t<img loading=\"lazy\" decoding=\"async\" width=\"400\" height=\"500\" src=\"https:\/\/www.saem.org.ar\/congreso2025\/doc\/2025\/07\/Ingrid-Libman.jpg\" class=\"elementor-animation-disable-animation attachment-medium_large size-medium_large wp-image-3216\" alt=\"\" srcset=\"https:\/\/www.saem.org.ar\/congreso2025\/doc\/2025\/07\/Ingrid-Libman.jpg 400w, https:\/\/www.saem.org.ar\/congreso2025\/doc\/2025\/07\/Ingrid-Libman-240x300.jpg 240w\" sizes=\"(max-width: 400px) 100vw, 400px\" \/>\t\t\t<\/figure>\n\t\t\n\t\t<div class=\"ha-infobox-body\">\n\t\t\t<h2 class=\"ha-infobox-title\">Ingrid Libman<\/h2>\n\t\t\t\n\t\t\t<a class=\"ha-btn ha-btn--link\" href=\"\/invitados-extranjeros\/#ingrid\"><span class=\"ha-btn-text\">M\u00c1S INFO<\/span><\/a>\t\t<\/div>\n\t\t\t\t\t\t<\/div>\n\t\t\t\t<div class=\"elementor-element elementor-element-dadf206 ha-infobox-media-dir-top elementor-widget elementor-widget-ha-infobox happy-addon ha-infobox\" data-id=\"dadf206\" data-element_type=\"widget\" data-e-type=\"widget\" data-widget_type=\"ha-infobox.default\">\n\t\t\t\t\t\n\t\t\t\t\t<figure class=\"ha-infobox-figure ha-infobox-figure--image\">\n\t\t\t\t<img loading=\"lazy\" decoding=\"async\" width=\"400\" height=\"500\" src=\"https:\/\/www.saem.org.ar\/congreso2025\/doc\/2025\/08\/Robert-Paul-Juster.jpg\" class=\"elementor-animation-disable-animation attachment-medium_large size-medium_large wp-image-3296\" alt=\"\" srcset=\"https:\/\/www.saem.org.ar\/congreso2025\/doc\/2025\/08\/Robert-Paul-Juster.jpg 400w, https:\/\/www.saem.org.ar\/congreso2025\/doc\/2025\/08\/Robert-Paul-Juster-240x300.jpg 240w\" sizes=\"(max-width: 400px) 100vw, 400px\" \/>\t\t\t<\/figure>\n\t\t\n\t\t<div class=\"ha-infobox-body\">\n\t\t\t<h2 class=\"ha-infobox-title\">Robert Paul Juster<\/h2>\n\t\t\t\n\t\t\t<a class=\"ha-btn ha-btn--link\" href=\"\/invitados-extranjeros\/#robert\"><span class=\"ha-btn-text\">M\u00c1S INFO<\/span><\/a>\t\t<\/div>\n\t\t\t\t\t\t<\/div>\n\t\t\t\t<div class=\"elementor-element elementor-element-7999e2f ha-infobox-media-dir-top elementor-widget elementor-widget-ha-infobox happy-addon ha-infobox\" data-id=\"7999e2f\" data-element_type=\"widget\" data-e-type=\"widget\" data-widget_type=\"ha-infobox.default\">\n\t\t\t\t\t\n\t\t\t\t\t<figure class=\"ha-infobox-figure ha-infobox-figure--image\">\n\t\t\t\t<img loading=\"lazy\" decoding=\"async\" width=\"400\" height=\"500\" src=\"https:\/\/www.saem.org.ar\/congreso2025\/doc\/2025\/08\/Jaydira-Del-Rivero.jpg\" class=\"elementor-animation-disable-animation attachment-full size-full wp-image-3280\" alt=\"\" srcset=\"https:\/\/www.saem.org.ar\/congreso2025\/doc\/2025\/08\/Jaydira-Del-Rivero.jpg 400w, https:\/\/www.saem.org.ar\/congreso2025\/doc\/2025\/08\/Jaydira-Del-Rivero-240x300.jpg 240w\" sizes=\"(max-width: 400px) 100vw, 400px\" \/>\t\t\t<\/figure>\n\t\t\n\t\t<div class=\"ha-infobox-body\">\n\t\t\t<h2 class=\"ha-infobox-title\">Jaydira Del Rivero<\/h2>\n\t\t\t\n\t\t\t<a class=\"ha-btn ha-btn--link\" href=\"\/invitados-extranjeros\/#rivero\"><span class=\"ha-btn-text\">M\u00c1S INFO<\/span><\/a>\t\t<\/div>\n\t\t\t\t\t\t<\/div>\n\t\t\t\t<div class=\"elementor-element elementor-element-8c023e2 ha-infobox-media-dir-top elementor-widget elementor-widget-ha-infobox happy-addon ha-infobox\" data-id=\"8c023e2\" data-element_type=\"widget\" data-e-type=\"widget\" data-widget_type=\"ha-infobox.default\">\n\t\t\t\t\t\n\t\t\t\t\t<figure class=\"ha-infobox-figure ha-infobox-figure--image\">\n\t\t\t\t<img loading=\"lazy\" decoding=\"async\" width=\"400\" height=\"500\" src=\"https:\/\/www.saem.org.ar\/congreso2025\/doc\/Dra.-Maria-Papaleontiou-1.webp\" class=\"elementor-animation-disable-animation attachment-full size-full wp-image-3562\" alt=\"\" srcset=\"https:\/\/www.saem.org.ar\/congreso2025\/doc\/Dra.-Maria-Papaleontiou-1.webp 400w, https:\/\/www.saem.org.ar\/congreso2025\/doc\/Dra.-Maria-Papaleontiou-1-240x300.webp 240w\" sizes=\"(max-width: 400px) 100vw, 400px\" \/>\t\t\t<\/figure>\n\t\t\n\t\t<div class=\"ha-infobox-body\">\n\t\t\t<h2 class=\"ha-infobox-title\">Mar\u00eda Papaleontiou<\/h2>\n\t\t\t\n\t\t\t<a class=\"ha-btn ha-btn--link\" href=\"\/invitados-extranjeros\/#maria\"><span class=\"ha-btn-text\">M\u00c1S INFO<\/span><\/a>\t\t<\/div>\n\t\t\t\t\t\t<\/div>\n\t\t\t\t<\/div>\n\t\t\t\t<\/div>\n\t\t\t\t\t<\/div>\n\t\t\t\t<\/div>\n\t\t\t\t<\/div>\n\t\t","protected":false},"excerpt":{"rendered":"<p>Endocrinolog\u00eda 2025 Hacia una medicina m\u00e1s humana y tecnol\u00f3gica Tenemos el enorme agrado de anunciar que del 6 al 8 de noviembre del 2025 se desarrollar\u00e1 el XXIV Congreso de la Sociedad de Endocrinolog\u00eda y Metabolismo SAEM en la UCA Puerto Madero Buenos Aires.Como ha sido una caracter\u00edstica a lo largo de su historia SAEM [&hellip;]<\/p>\n","protected":false},"author":3,"featured_media":0,"parent":0,"menu_order":0,"comment_status":"closed","ping_status":"closed","template":"","meta":{"footnotes":""},"class_list":["post-2273","page","type-page","status-publish","hentry"],"_links":{"self":[{"href":"https:\/\/www.saem.org.ar\/congreso2025\/wp-json\/wp\/v2\/pages\/2273","targetHints":{"allow":["GET"]}}],"collection":[{"href":"https:\/\/www.saem.org.ar\/congreso2025\/wp-json\/wp\/v2\/pages"}],"about":[{"href":"https:\/\/www.saem.org.ar\/congreso2025\/wp-json\/wp\/v2\/types\/page"}],"author":[{"embeddable":true,"href":"https:\/\/www.saem.org.ar\/congreso2025\/wp-json\/wp\/v2\/users\/3"}],"replies":[{"embeddable":true,"href":"https:\/\/www.saem.org.ar\/congreso2025\/wp-json\/wp\/v2\/comments?post=2273"}],"version-history":[{"count":0,"href":"https:\/\/www.saem.org.ar\/congreso2025\/wp-json\/wp\/v2\/pages\/2273\/revisions"}],"wp:attachment":[{"href":"https:\/\/www.saem.org.ar\/congreso2025\/wp-json\/wp\/v2\/media?parent=2273"}],"curies":[{"name":"wp","href":"https:\/\/api.w.org\/{rel}","templated":true}]}}